 is the remainder when 154 is divided by r(b)?
48
Calculate the remainder when (76/(-133))/((-2112)/(-1057) + -2) is divided by 61.
58
Let n(k) = k**3 + 20*k**2 + 8*k - 4. Let c be n(-19). Suppose 6*t = c + 197. What is the remainder when t is divided by -34*2*1/(-4)?
16
Suppose 0 = -5*n - 8*y + 3*y + 35, 5*y = -2*n + 26. Suppose 0 = -2*x + n*x - 2. Suppose x*z + 8 = 40. What is the remainder when 30 is divided by z?
14
Suppose 6*i = i - 4*f + 24, 5*i - 18 = 2*f. Suppose -r = -i*r + 261. Suppose -3*s + r = -168. What is the remainder when s is divided by 22?
19
Let s(t) = 4*t + 165. Calculate the remainder when s(-13) is divided by 39.
35
Suppose -4*z + 56 = 3*o - 5, 120 = 5*z - 5*o. Suppose -3*j + 17 = -z. Calculate the remainder when 35 is divided by j.
11
Suppose 4*d + 4*r = 3*r + 10, 0 = 3*d + 4*r - 1. Suppose 88 = d*f - 5*v, 3*f = -0*f - 4*v + 43. What is the remainder when ((-1)/2)/(1/(-82)) is divided by f?
20
What is the remainder when 598 is divided by 9/((-176)/220 + 94/80)?
22
What is the remainder when 0 + (1 - -59) - -2 is divided by 2 - (-7 + (-24)/6)?
10
Let c(d) = -d**3 - 5*d**2 - 4*d - 14. Let h be c(-6). Suppose 11 - h = 5*w. Let a = w - -78. Calculate the remainder when a is divided by 12.
11
Let v(p) = 34*p - 552. Calculate the remainder when v(18) is divided by 0*(-3)/9 + 17.
9
Let l be (-4)/6*(-180)/(-24). Let w(s) = s**3 + 6*s**2 - 3*s + 8. What is the remainder when w(l) is divided by 13?
9
Suppose -1420 = -30*v - 41*v. Calculate the remainder when 819 is divided by v.
19
Suppose -27*d - 2 = -29*d. Calculate the remainder when (d - 186/(-10))*25/10 is divided by 0 - (2 - 1*15).
10
Suppose -s = -2*z + 3, 4*z - 1 - 8 = -s. Let k = 3 + z. Let t(n) = 2*n + 10. What is the remainder when 58 is divided by t(k)?
18
Suppose 4*t = -5*g + 1335, 0 = 3*g + 2*t - 5*t - 774. What is the remainder when g is divided by 67?
62
Suppose -12*x + 25 = -7*x. Suppose 11 + 12 = 4*h + 3*s, -s + x = 0. What is the remainder when h is divided by 1?
0
Let g(x) = -2*x + 36. Let d(i) = 3*i - 54. Let t(l) = 5*d(l) + 8*g(l). Let s be t(8). What is the remainder when ((-66)/s)/((-3)/45) is divided by 25?
24
Let w(u) = -u**3 + 5*u**2 + u + 4. Suppose -7*f + 12*f = -4*j + 84, -3*j - 2*f = -56. Calculate the remainder when j is divided by w(5).
7
Let d = 252 + -138. What is the remainder when d is divided by 13?
10
Let y(c) = -c**2 - 14*c - 1. Let r be y(-10). Let o = -1 + r. What is the remainder when o is divided by 10?
8
Suppose 5*q = -4*d + 76, -3*q - 44 = -7*q + d. What is the remainder when 346 is divided by q?
10
Let c(u) = -5*u - 88. What is the remainder when c(-27) is divided by 10?
7
Suppose 10*x + 2738 - 8528 = 0. What is the remainder when x is divided by 7?
5
Let b = -202 + 251. Calculate the remainder when b is divided by 11.
5
Calculate the remainder when (-276)/115*(30/(-4) - 0) is divided by 17.
1
Let p(f) = f**3 - 2*f**2 + 22*f + 23. Calculate the remainder when p(0) is divided by 15.
8
Suppose -3*y = 5*c + 35 - 177, 2*y - 5*c - 103 = 0. Suppose 43*h = y*h - 144. Suppose -3*u - u = -280. What is the remainder when u is divided by h?
22
Let d = -1180 - -1345. What is the remainder when d is divided by 52?
9
Let n(l) = l**3 + 23*l**2 - 77*l + 33. Calculate the remainder when 48 is divided by n(-26).
6
Let w(v) = -10*v**2 - 95*v + 2. Suppose -13 = 5*t + 12, 0 = -5*z + 2*t + 135. What is the remainder when w(-9) is divided by z?
22
Let s(t) = t**3 - 12*t**2 + 13*t + 9. What is the remainder when 216 is divided by s(11)?
30
Let b(a) = -a**3 - 2*a - 2. Let u(c) = c**2 + 7*c - 2. Suppose -v - 5 - 2 = 0. Let s be u(v). Calculate the remainder when 18 is divided by b(s).
8
Suppose -2*m - 10 = -3*m. Let v = 0 + 3. Let f(g) = 8*g + 3. Calculate the remainder when f(v) is divided by m.
7
Suppose 51*h = 93*h - 4200. What is the remainder when 1098 is divided by h?
98
Let o(j) = 2*j**2 + 16*j + 10. Let v be o(-7). What is the remainder when (39/v)/((-27)/144) is divided by 14?
10
Let y be ((-2)/(-3))/((-4)/(-18) - 0). Suppose -3*v + 63 = y*q - 0, 0 = -4*q. What is the remainder when 78 is divided by v?
15
Suppose 3*g = p - 1, 2*p = 7*p + 4*g - 24. Suppose 0 = -5*y - 5*q + 65, y - p*q - 32 = -y. What is the remainder when 27 is divided by y?
13
Let g = -409 + 473. What is the remainder when 70 is divided by g?
6
Suppose -2*q = -0*q - 22. Suppose 0 = 3*z - 4*c - 58, -1 = 5*c + 4. What is the remainder when (z/15)/(3/80) is divided by q?
10
Suppose 0 = -36*w + 33*w + 54. Calculate the remainder when 122 is divided by w.
14
Let s(w) = 49*w - 557. What is the remainder when 59 is divided by s(12)?
28
Let c = -3722 + 3739. Calculate the remainder when c is divided by 1/(-2)*2*-8.
1
Suppose 2*s = 74 + 4. Calculate the remainder when 506 is divided by s.
38
Let m(c) = -10*c - 194. Let w be m(0). Let a = -166 - w. Calculate the remainder when 193 is divided by a.
25
Suppose 3*u - 6 = 2*j + 31, -7 = -u + 2*j. Suppose 5*s - 4*s - 2 = 0. Suppose s*t + t - 18 = 0. Calculate the remainder when u is divided by t.
3
Let w = -5 + 20. Let s(x) = x**2 + w - 4 + 10*x + 2*x + 2*x. Calculate the remainder when s(-14) is divided by 7.
4
Suppose 0 = -q - 2*q + 12. Let a(r) = -r**2 + 4*r. Let i be a(q). Suppose 3*f - 167 = y, i*y - 196 = -4*f - 4*y. What is the remainder when f is divided by 14?
12
Let g be (-3 - -2)/((-3)/(-300)). Let n = -51 - g. What is the remainder when n is divided by 17?
15
Let w be (-4)/1*(-56)/32. Suppose -6*s = -w + 1. Let p = 4 + -1. What is the remainder when p is divided by s?
0
Let a(v) = 18*v - 9. Suppose -7*d + 14*d - 204 = -5*d. What is the remainder when a(6) is divided by d?
14
Let z = 61 + -30. Let u = 21 - 14. Calculate the remainder when 6/18*(-1 + z) is divided by u.
3
Let a be (-182)/(-4) + ((-9)/(-2) - 4). Let b = 95 - a. What is the remainder when b is divided by 17?
15
Let q(r) = r**2 - 5*r - 2. Let c be 9/(-4) + (-3)/4. Suppose 9 = 3*u - 3*s, 0 = -3*s + 6*s - 15. What is the remainder when q(c) is divided by u?
6
Let o(m) = -m**3 + 6*m**2 + m + 1. Let a be o(8). Let d = a + 220. Calculate the remainder when d is divided by 18.
11
Let t be ((-1)/1)/(1/5). Let l = 6 - t. Let b(z) = z**3 + 23*z**2 - 24*z + 7. What is the remainder when l is divided by b(-24)?
4
Suppose -2*f + 57 = x - 7*f, -5*x + 165 = -f. What is the remainder when 76 is divided by x?
12
Let g be 10/4 + 6/12. Let z be (9/6)/(g/(-20)). Let m(p) = p**3 + 11*p**2 + 5*p - 13. Calculate the remainder when m(z) is divided by 10.
7
Let g(n) = n**2 - 2*n. Let i be g(2). Suppose -j - 2*j + 30 = i. Suppose 0*k - 2*k = -j. Calculate the remainder when 6 is divided by k.
1
Let g be 2 + (352*1)/(-4). Let u = 12 - g. Suppose 18 = -5*d + u. What is the remainder when 63 is divided by d?
15
Calculate the remainder when (0 + (-5)/(50/8))*-25 is divided by (-4 + 33/6)*(-22)/(-3).
9
Calculate the remainder when (618/(-9))/1*-3 is divided by 60.
26
Let l(x) = 2*x + 16. Let y be l(-6). Suppose y*m - 216 = -80. Calculate the remainder when m is divided by 12.
10
Let r = 191 + -176. Calculate the remainder when 190 is divided by r.
10
Suppose -z + 332 = 3*z. Calculate the remainder when z is divided by (4/18)/(-2) - (-21505)/765.
27
Let x(l) = 14*l - 8. What is the remainder when x(3) is divided by (-4)/(2 + (-12)/5)?
4
Let v = -238 - -151. Calculate the remainder when (-2 - -2)/(-2 - -3) - v is divided by 15.
12
What is the remainder when 58 is divided by 318/30 + 5 + 3/(-5)?
13
Suppose -32*w = -19*w - 104. What is the remainder when 9 is divided by w?
1
Suppose -431 = -44*o + 1373. Let i(a) = a - 1. Let s be i(4). Suppose -s*c + 5*z = -0*z - 83, -c = 5*z - o. What is the remainder when 91 is divided by c?
29
Suppose 20*m - 23*m = -387. Let z(c) = 66*c**2 + 2*c - 1. Calculate the remainder when z(1) is divided by (3 - m/9)*-3.
33
Suppose p + p = -4, -958 = -3*w - p. Calculate the remainder when w is divided by 27.
23
Let m(b) = 86*b - 118. What is the remainder when m(3) is divided by 58?
24
Suppose -z = -2, 25*c - 21*c - 1856 = 4*z. What is the remainder when c is divided by 67?
64
Let k(t) = -t**3 + 7*t**2 + 4*t + 8. Let i be k(7). Let m be i/10 - (-12)/(-20). Suppose 11 = m*c - 43. Calculate the remainder when c is divided by 10.
8
Suppose -4*g + 2*g = -14. Suppose -3*h + 8 = -g.